posite?
False
Is 1326995 prime?
False
Is 8077 prime?
False
Is 230827 prime?
True
Is 24861 a prime number?
False
Is 65679 prime?
False
Is 183387 a prime number?
False
Is 928563 composite?
True
Is 28789 prime?
True
Is 872683 composite?
True
Is 54667 a prime number?
True
Is 1511891 prime?
True
Is 65677 prime?
True
Is 250963 a composite number?
False
Is 13157 a prime number?
False
Is 1777 a prime number?
True
Is 422911 a prime number?
True
Is 4201 composite?
False
Is 16537 prime?
False
Is 79481 a prime number?
True
Is 162493 a prime number?
True
Is 18797 composite?
False
Is 677 a prime number?
True
Is 423173 composite?
False
Is 103 a composite number?
False
Is 903527 prime?
True
Is 149 a prime number?
True
Is 13309 a prime number?
True
Is 2669 a composite number?
True
Is 32771 composite?
False
Is 6103 prime?
False
Is 5167 a prime number?
True
Is 24547 a prime number?
True
Is 14281 a prime number?
True
Is 7183 a composite number?
True
Is 518083 a prime number?
True
Is 11777 composite?
False
Is 79319 a prime number?
True
Is 91241 prime?
False
Is 67055 composite?
True
Is 1541381 composite?
False
Is 128813 prime?
True
Is 6503 a prime number?
False
Is 323723 prime?
False
Is 7603 a composite number?
False
Is 16789 composite?
True
Is 122777 prime?
True
Is 834059 a prime number?
True
Is 139049 prime?
False
Is 207227 a prime number?
True
Is 7817 prime?
True
Is 135529 prime?
False
Is 22429 a composite number?
True
Is 71999 a composite number?
False
Is 2767 a composite number?
False
Is 230569 a composite number?
True
Is 6443 composite?
True
Is 3415 a composite number?
True
Is 94181 a prime number?
False
Is 1894027 prime?
False
Is 33119 a composite number?
False
Is 895 a composite number?
True
Is 51999 a prime number?
False
Is 76649 prime?
True
Is 60869 composite?
False
Is 1257573 composite?
True
Is 4327 a composite number?
False
Is 93761 composite?
False
Is 331949 a composite number?
True
Is 737939 composite?
True
Is 13541 composite?
True
Is 61441 composite?
False
Is 9017 a composite number?
True
Is 2881 prime?
False
Is 236549 a composite number?
False
Is 26179 a composite number?
True
Is 478679 a composite number?
False
Is 59327 a prime number?
False
Is 3694193 a composite number?
False
Is 92033 composite?
False
Is 674257 prime?
False
Is 300161 a prime number?
False
Is 8171 prime?
True
Is 1166881 a prime number?
False
Is 1151489 prime?
False
Is 18671 composite?
False
Is 125359 a composite number?
True
Is 77 prime?
False
Is 318319 composite?
False
Is 83689 a prime number?
True
Is 201919 a composite number?
False
Is 1361 composite?
False
Is 912959 a composite number?
False
Is 73237 prime?
True
Is 11437 prime?
True
Is 92173 a prime number?
True
Is 55582 composite?
True
Is 35537 a composite number?
False
Is 19003 composite?
True
Is 1481 a prime number?
True
Is 5181133 composite?
False
Is 72949 a prime number?
True
Is 261622 composite?
True
Is 26879 prime?
True
Is 10799 a composite number?
False
Is 12841 prime?
True
Is 157153 composite?
True
Is 381111 a prime number?
False
Is 14789 a composite number?
True
Is 269 a prime number?
True
Is 521879 prime?
True
Is 959533 a prime number?
True
Is 4201 a prime number?
True
Is 12517 composite?
False
Is 1124197 a composite number?
False
Is 1871 prime?
True
Is 8747 a composite number?
False
Is 2041 prime?
False
Is 1038383 a prime number?
True
Is 3977 a prime number?
False
Is 18741 a prime number?
False
Is 1138183 a composite number?
False
Is 116621 composite?
True
Is 218941 a prime number?
True
Is 3389 prime?
True
Is 132819 a composite number?
True
Is 6991 composite?
False
Is 5749 prime?
True
Is 160891 composite?
True
Is 422 a prime number?
False
Is 309305 a composite number?
True
Is 356467 a composite number?
False
Is 105353 composite?
True
Is 2985107 a composite number?
False
Is 167557 prime?
False
Is 11383 composite?
False
Is 685011 composite?
True
Is 8467 a composite number?
False
Is 49711 a prime number?
True
Is 5261 a composite number?
False
Is 569605 a prime number?
False
Is 11659 composite?
True
Is 23789 composite?
False
Is 254719 prime?
False
Is 10207 composite?
True
Is 1478 prime?
False
Is 31883 prime?
True
Is 479 a composite number?
False
Is 3065 a composite number?
True
Is 135367 a composite number?
False
Is 471739 a prime number?
False
Is 1349435 prime?
False
Is 60823 composite?
True
Is 4871 prime?
True
Is 27257 a prime number?
False
Is 13147 prime?
True
Is 279203 a composite number?
False
Is 35681 composite?
True
Is 4752235 prime?
False
Is 1259 a composite number?
False
Is 111893 a prime number?
True
Is 2376047 a composite number?
False
Is 77107 a composite number?
True
Is 29399 a composite number?
False
Is 27155 a prime number?
False
Is 94071 a composite number?
True
Is 1632886 prime?
False
Is 5321 composite?
True
Is 356441 a prime number?
True
Is 818589 prime?
False
Is 16127 prime?
True
Is 10289 composite?
False
Is 4861 composite?
False
Is 3833 a composite number?
False
Is 1714369 prime?
True
Is 8287 a prime number?
True
Is 263567 a composite number?
False
Is 838 prime?
False
Is 8819 prime?
True
Is 6117 a composite number?
True
Is 743293 a prime number?
False
Is 1508743 prime?
True
Is 3793 a prime number?
True
Is 1529499 a prime number?
False
Is 2604107 prime?
False
Is 19793 a prime number?
True
Is 50891 prime?
True
Is 101677 prime?
False
Is 459023 prime?
True
Is 462905 a composite number?
True
Is 34115 a composite number?
True
Is 56983 a prime number?
True
Is 553667 a composite number?
False
Is 469051 a composite number?
True
Is 480499 prime?
True
Is 62151 prime?
False
Is 482741 prime?
False
Is 81331 a composite number?
False
Is 26671 composite?
True
Is 51253 composite?
True
Is 1669861 a prime number?
True
Is 3371 composite?
False
Is 45281 a composite number?
False
Is 75289 a composite number?
False
Is 4099 a prime number?
True
Is 15131 composite?
False
Is 14177 a prime number?
True
Is 3223 prime?
False
Is 94253 composite?
False
Is 5569 composite?
False
Is 1399 prime?
True
Is 26933 a composite number?
True
Is 976555 a prime number?
False
Is 1437391 prime?
True
Is 69631 a prime number?
False
Is 150287 a composite number?
False
Is 8026 a composite number?
True
Is 242089 a composite number?
True
Is 34211 a prime number?
True
Is 235271 prime?
False
Is 129167 a prime number?
False
Is 158963 composite?
True
Is 82081 prime?
False
Is 139823 a composite number?
True
Is 2519 a prime number?
False
Is 89753 a composite number?
False
Is 133847 a composite number?
True
Is 37399 a prime number?
False
Is 510449 prime?
True
Is 39187 composite?
True
Is 9827 a prime number?
False
Is 1512161 a composite number?
True
Is 51269 composite?
True
Is 70403 prime?
False
Is 19151 composite?
True
Is 60785 prime?
False
Is 3621023 a composite number?
True
Is 62977 a prime number?
False
Is 186639 composite?
True
Is 697303 a composite number?
False
Is 8941 composite?
False
Is 502 a prime number?
False
Is 325761 a composite number?
True
Is 25709 prime?
False
Is 19373 composite?
False
Is 10207 a composite number?
True
Is 47681 a composite number?
False
Is 42979 a prime number?
True
Is 6737 composite?
False
Is 58711 a composite number?
False
Is 1242739 a prime number?
True
Is 24713 a prime number?
False
Is 2604857 a composite number?
False
Is 13463 a composite number?
False
Is 705631 composite?
False
Is 208037 composite?
False
Is 1319 a composite number?
False
Is 245165 composite?
True
Is 38217 a composite number?
True
Is 22229 prime?
True
Is 1927319 prime?
True
Is 34883 a composite number?
False
Is 42923 a composite number?
False
Is 1011797 a composite number?
False
Is 6119 prime?
False
Is 19997 prime?
True
Is 371 a prime number?
False
Is 532007 a composite number?
True
Is 4201 prime?
True
Is 73979 a prime number?
False
Is 95327 prime?
True
Is 116114 composite?
True
Is 337627 a prime number?
True
Is 863231 composite?
False
Is 253371 a prime number?
False
Is 1477799 a composite number?
True
Is 2203 a composite number?
False
Is 10487 a composite number?
False
Is 49871 prime?
True
Is 147701 a composite number?
True
Is 22669 prime?
True
Is 8563 composite?
False
Is 603545 a composite number?
True
Is 35591 composite?
False
Is 458 composite?
True
Is 1082 a prime number?
False
Is 30161 prime?
True
Is 11107 composite?
True
Is 533617 a composite n